{"id":6016,"date":"2024-08-15T14:43:42","date_gmt":"2024-08-15T17:43:42","guid":{"rendered":"https:\/\/www.historia.uff.br\/impressoesrebeldes\/?post_type=plano_de_aula&#038;p=6016"},"modified":"2024-08-15T14:43:42","modified_gmt":"2024-08-15T17:43:42","slug":"projetos-politicos-em-conflito-no-brasil-pos-independencia","status":"publish","type":"plano_de_aula","link":"https:\/\/www.historia.uff.br\/impressoesrebeldes\/plano_de_aula\/projetos-politicos-em-conflito-no-brasil-pos-independencia\/","title":{"rendered":"Projetos pol\u00edticos em conflito no Brasil p\u00f3s-Independ\u00eancia"},"featured_media":5993,"template":"","ano_serie":[1318],"unidade_tematica":[1653],"periodo_plano":[],"acf":[],"yoast_head":"<!-- This site is optimized with the Yoast SEO plugin v19.0 - https:\/\/yoast.com\/wordpress\/plugins\/seo\/ -->\n<title>Projetos pol\u00edticos em conflito no Brasil p\u00f3s-Independ\u00eancia - Impress\u00f5es Rebeldes<\/title>\n<meta name=\"robots\" content=\"index, follow, max-snippet:-1, max-image-preview:large, max-video-preview:-1\" \/>\n<link rel=\"canonical\" href=\"https:\/\/www.historia.uff.br\/impressoesrebeldes\/plano_de_aula\/projetos-politicos-em-conflito-no-brasil-pos-independencia\/\" \/>\n<meta property=\"og:locale\" content=\"pt_BR\" \/>\n<meta property=\"og:type\" content=\"article\" \/>\n<meta property=\"og:title\" content=\"Projetos pol\u00edticos em conflito no Brasil p\u00f3s-Independ\u00eancia - Impress\u00f5es Rebeldes\" \/>\n<meta property=\"og:url\" content=\"https:\/\/www.historia.uff.br\/impressoesrebeldes\/plano_de_aula\/projetos-politicos-em-conflito-no-brasil-pos-independencia\/\" \/>\n<meta property=\"og:site_name\" content=\"Impress\u00f5es Rebeldes\" \/>\n<meta property=\"article:publisher\" content=\"https:\/\/www.facebook.com\/impressoesrebeldes\/\" \/>\n<meta property=\"og:image\" content=\"https:\/\/www.historia.uff.br\/impressoesrebeldes\/2022\/wp-content\/uploads\/2022\/05\/WhatsApp-Image-2024-08-12-at-18.43.13.jpeg\" \/>\n\t<meta property=\"og:image:width\" content=\"1440\" \/>\n\t<meta property=\"og:image:height\" content=\"1422\" \/>\n\t<meta property=\"og:image:type\" content=\"image\/jpeg\" \/>\n<meta name=\"twitter:card\" content=\"summary_large_image\" \/>\n<meta name=\"twitter:site\" content=\"@ImpressoesRbds\" \/>\n<script type=\"application\/ld+json\" class=\"yoast-schema-graph\">{\"@context\":\"https:\/\/schema.org\",\"@graph\":[{\"@type\":\"WebSite\",\"@id\":\"https:\/\/www.historia.uff.br\/impressoesrebeldes\/#website\",\"url\":\"https:\/\/www.historia.uff.br\/impressoesrebeldes\/\",\"name\":\"Impress\u00f5es Rebeldes\",\"description\":\"Para quem tem o que dizer sobre revoltas\",\"potentialAction\":[{\"@type\":\"SearchAction\",\"target\":{\"@type\":\"EntryPoint\",\"urlTemplate\":\"https:\/\/www.historia.uff.br\/impressoesrebeldes\/?s={search_term_string}\"},\"query-input\":\"required name=search_term_string\"}],\"inLanguage\":\"pt-BR\"},{\"@type\":\"ImageObject\",\"inLanguage\":\"pt-BR\",\"@id\":\"https:\/\/www.historia.uff.br\/impressoesrebeldes\/plano_de_aula\/projetos-politicos-em-conflito-no-brasil-pos-independencia\/#primaryimage\",\"url\":\"https:\/\/www.historia.uff.br\/impressoesrebeldes\/2022\/wp-content\/uploads\/2022\/05\/WhatsApp-Image-2024-08-12-at-18.43.13.jpeg\",\"contentUrl\":\"https:\/\/www.historia.uff.br\/impressoesrebeldes\/2022\/wp-content\/uploads\/2022\/05\/WhatsApp-Image-2024-08-12-at-18.43.13.jpeg\",\"width\":1440,\"height\":1422,\"caption\":\"Bandeira da Confedera\u00e7\u00e3o do Equador, autoria desconhecida - Acervo IHGB\"},{\"@type\":\"WebPage\",\"@id\":\"https:\/\/www.historia.uff.br\/impressoesrebeldes\/plano_de_aula\/projetos-politicos-em-conflito-no-brasil-pos-independencia\/#webpage\",\"url\":\"https:\/\/www.historia.uff.br\/impressoesrebeldes\/plano_de_aula\/projetos-politicos-em-conflito-no-brasil-pos-independencia\/\",\"name\":\"Projetos pol\u00edticos em conflito no Brasil p\u00f3s-Independ\u00eancia - Impress\u00f5es Rebeldes\",\"isPartOf\":{\"@id\":\"https:\/\/www.historia.uff.br\/impressoesrebeldes\/#website\"},\"primaryImageOfPage\":{\"@id\":\"https:\/\/www.historia.uff.br\/impressoesrebeldes\/plano_de_aula\/projetos-politicos-em-conflito-no-brasil-pos-independencia\/#primaryimage\"},\"datePublished\":\"2024-08-15T17:43:42+00:00\",\"dateModified\":\"2024-08-15T17:43:42+00:00\",\"breadcrumb\":{\"@id\":\"https:\/\/www.historia.uff.br\/impressoesrebeldes\/plano_de_aula\/projetos-politicos-em-conflito-no-brasil-pos-independencia\/#breadcrumb\"},\"inLanguage\":\"pt-BR\",\"potentialAction\":[{\"@type\":\"ReadAction\",\"target\":[\"https:\/\/www.historia.uff.br\/impressoesrebeldes\/plano_de_aula\/projetos-politicos-em-conflito-no-brasil-pos-independencia\/\"]}]},{\"@type\":\"BreadcrumbList\",\"@id\":\"https:\/\/www.historia.uff.br\/impressoesrebeldes\/plano_de_aula\/projetos-politicos-em-conflito-no-brasil-pos-independencia\/#breadcrumb\",\"itemListElement\":[{\"@type\":\"ListItem\",\"position\":1,\"name\":\"Home\",\"item\":\"https:\/\/www.historia.uff.br\/impressoesrebeldes\/\"},{\"@type\":\"ListItem\",\"position\":2,\"name\":\"Projetos pol\u00edticos em conflito no Brasil p\u00f3s-Independ\u00eancia\"}]}]}<\/script>\n<!-- \/ Yoast SEO plugin. -->","yoast_head_json":{"title":"Projetos pol\u00edticos em conflito no Brasil p\u00f3s-Independ\u00eancia - Impress\u00f5es Rebeldes","robots":{"index":"index","follow":"follow","max-snippet":"max-snippet:-1","max-image-preview":"max-image-preview:large","max-video-preview":"max-video-preview:-1"},"canonical":"https:\/\/www.historia.uff.br\/impressoesrebeldes\/plano_de_aula\/projetos-politicos-em-conflito-no-brasil-pos-independencia\/","og_locale":"pt_BR","og_type":"article","og_title":"Projetos pol\u00edticos em conflito no Brasil p\u00f3s-Independ\u00eancia - Impress\u00f5es Rebeldes","og_url":"https:\/\/www.historia.uff.br\/impressoesrebeldes\/plano_de_aula\/projetos-politicos-em-conflito-no-brasil-pos-independencia\/","og_site_name":"Impress\u00f5es Rebeldes","article_publisher":"https:\/\/www.facebook.com\/impressoesrebeldes\/","og_image":[{"width":1440,"height":1422,"url":"https:\/\/www.historia.uff.br\/impressoesrebeldes\/2022\/wp-content\/uploads\/2022\/05\/WhatsApp-Image-2024-08-12-at-18.43.13.jpeg","type":"image\/jpeg"}],"twitter_card":"summary_large_image","twitter_site":"@ImpressoesRbds","schema":{"@context":"https:\/\/schema.org","@graph":[{"@type":"WebSite","@id":"https:\/\/www.historia.uff.br\/impressoesrebeldes\/#website","url":"https:\/\/www.historia.uff.br\/impressoesrebeldes\/","name":"Impress\u00f5es Rebeldes","description":"Para quem tem o que dizer sobre revoltas","potentialAction":[{"@type":"SearchAction","target":{"@type":"EntryPoint","urlTemplate":"https:\/\/www.historia.uff.br\/impressoesrebeldes\/?s={search_term_string}"},"query-input":"required name=search_term_string"}],"inLanguage":"pt-BR"},{"@type":"ImageObject","inLanguage":"pt-BR","@id":"https:\/\/www.historia.uff.br\/impressoesrebeldes\/plano_de_aula\/projetos-politicos-em-conflito-no-brasil-pos-independencia\/#primaryimage","url":"https:\/\/www.historia.uff.br\/impressoesrebeldes\/2022\/wp-content\/uploads\/2022\/05\/WhatsApp-Image-2024-08-12-at-18.43.13.jpeg","contentUrl":"https:\/\/www.historia.uff.br\/impressoesrebeldes\/2022\/wp-content\/uploads\/2022\/05\/WhatsApp-Image-2024-08-12-at-18.43.13.jpeg","width":1440,"height":1422,"caption":"Bandeira da Confedera\u00e7\u00e3o do Equador, autoria desconhecida - Acervo IHGB"},{"@type":"WebPage","@id":"https:\/\/www.historia.uff.br\/impressoesrebeldes\/plano_de_aula\/projetos-politicos-em-conflito-no-brasil-pos-independencia\/#webpage","url":"https:\/\/www.historia.uff.br\/impressoesrebeldes\/plano_de_aula\/projetos-politicos-em-conflito-no-brasil-pos-independencia\/","name":"Projetos pol\u00edticos em conflito no Brasil p\u00f3s-Independ\u00eancia - Impress\u00f5es Rebeldes","isPartOf":{"@id":"https:\/\/www.historia.uff.br\/impressoesrebeldes\/#website"},"primaryImageOfPage":{"@id":"https:\/\/www.historia.uff.br\/impressoesrebeldes\/plano_de_aula\/projetos-politicos-em-conflito-no-brasil-pos-independencia\/#primaryimage"},"datePublished":"2024-08-15T17:43:42+00:00","dateModified":"2024-08-15T17:43:42+00:00","breadcrumb":{"@id":"https:\/\/www.historia.uff.br\/impressoesrebeldes\/plano_de_aula\/projetos-politicos-em-conflito-no-brasil-pos-independencia\/#breadcrumb"},"inLanguage":"pt-BR","potentialAction":[{"@type":"ReadAction","target":["https:\/\/www.historia.uff.br\/impressoesrebeldes\/plano_de_aula\/projetos-politicos-em-conflito-no-brasil-pos-independencia\/"]}]},{"@type":"BreadcrumbList","@id":"https:\/\/www.historia.uff.br\/impressoesrebeldes\/plano_de_aula\/projetos-politicos-em-conflito-no-brasil-pos-independencia\/#breadcrumb","itemListElement":[{"@type":"ListItem","position":1,"name":"Home","item":"https:\/\/www.historia.uff.br\/impressoesrebeldes\/"},{"@type":"ListItem","position":2,"name":"Projetos pol\u00edticos em conflito no Brasil p\u00f3s-Independ\u00eancia"}]}]}},"_links":{"self":[{"href":"https:\/\/www.historia.uff.br\/impressoesrebeldes\/wp-json\/wp\/v2\/plano_de_aula\/6016"}],"collection":[{"href":"https:\/\/www.historia.uff.br\/impressoesrebeldes\/wp-json\/wp\/v2\/plano_de_aula"}],"about":[{"href":"https:\/\/www.historia.uff.br\/impressoesrebeldes\/wp-json\/wp\/v2\/types\/plano_de_aula"}],"wp:featuredmedia":[{"embeddable":true,"href":"https:\/\/www.historia.uff.br\/impressoesrebeldes\/wp-json\/wp\/v2\/media\/5993"}],"wp:attachment":[{"href":"https:\/\/www.historia.uff.br\/impressoesrebeldes\/wp-json\/wp\/v2\/media?parent=6016"}],"wp:term":[{"taxonomy":"ano_serie","embeddable":true,"href":"https:\/\/www.historia.uff.br\/impressoesrebeldes\/wp-json\/wp\/v2\/ano_serie?post=6016"},{"taxonomy":"unidade_tematica","embeddable":true,"href":"https:\/\/www.historia.uff.br\/impressoesrebeldes\/wp-json\/wp\/v2\/unidade_tematica?post=6016"},{"taxonomy":"periodo_plano","embeddable":true,"href":"https:\/\/www.historia.uff.br\/impressoesrebeldes\/wp-json\/wp\/v2\/periodo_plano?post=6016"}],"curies":[{"name":"wp","href":"https:\/\/api.w.org\/{rel}","templated":true}]}}

Projetos políticos em conflito no Brasil pós-Independência

<!-- This site is optimized with the Yoast SEO plugin v19.0 - https://yoast.com/wordpress/plugins/seo/ -->
<title>Projetos políticos em conflito no Brasil pós-Independência - Impressões Rebeldes</title>
<meta name="robots" content="index, follow, max-snippet:-1, max-image-preview:large, max-video-preview:-1" />
<link rel="canonical" href="https://www.historia.uff.br/impressoesrebeldes/plano_de_aula/projetos-politicos-em-conflito-no-brasil-pos-independencia/" />
<meta property="og:locale" content="pt_BR" />
<meta property="og:type" content="article" />
<meta property="og:title" content="Projetos políticos em conflito no Brasil pós-Independência - Impressões Rebeldes" />
<meta property="og:url" content="https://www.historia.uff.br/impressoesrebeldes/plano_de_aula/projetos-politicos-em-conflito-no-brasil-pos-independencia/" />
<meta property="og:site_name" content="Impressões Rebeldes" />
<meta property="article:publisher" content="https://www.facebook.com/impressoesrebeldes/" />
<meta property="og:image" content="https://www.historia.uff.br/impressoesrebeldes/2022/wp-content/uploads/2022/05/WhatsApp-Image-2024-08-12-at-18.43.13.jpeg" />
	<meta property="og:image:width" content="1440" />
	<meta property="og:image:height" content="1422" />
	<meta property="og:image:type" content="image/jpeg" />
<meta name="twitter:card" content="summary_large_image" />
<meta name="twitter:site" content="@ImpressoesRbds" />
<script type="application/ld+json" class="yoast-schema-graph">{"@context":"https://schema.org","@graph":[{"@type":"WebSite","@id":"https://www.historia.uff.br/impressoesrebeldes/#website","url":"https://www.historia.uff.br/impressoesrebeldes/","name":"Impressões Rebeldes","description":"Para quem tem o que dizer sobre revoltas","potentialAction":[{"@type":"SearchAction","target":{"@type":"EntryPoint","urlTemplate":"https://www.historia.uff.br/impressoesrebeldes/?s={search_term_string}"},"query-input":"required name=search_term_string"}],"inLanguage":"pt-BR"},{"@type":"ImageObject","inLanguage":"pt-BR","@id":"https://www.historia.uff.br/impressoesrebeldes/plano_de_aula/projetos-politicos-em-conflito-no-brasil-pos-independencia/#primaryimage","url":"https://www.historia.uff.br/impressoesrebeldes/2022/wp-content/uploads/2022/05/WhatsApp-Image-2024-08-12-at-18.43.13.jpeg","contentUrl":"https://www.historia.uff.br/impressoesrebeldes/2022/wp-content/uploads/2022/05/WhatsApp-Image-2024-08-12-at-18.43.13.jpeg","width":1440,"height":1422,"caption":"Bandeira da Confederação do Equador, autoria desconhecida - Acervo IHGB"},{"@type":"WebPage","@id":"https://www.historia.uff.br/impressoesrebeldes/plano_de_aula/projetos-politicos-em-conflito-no-brasil-pos-independencia/#webpage","url":"https://www.historia.uff.br/impressoesrebeldes/plano_de_aula/projetos-politicos-em-conflito-no-brasil-pos-independencia/","name":"Projetos políticos em conflito no Brasil pós-Independência - Impressões Rebeldes","isPartOf":{"@id":"https://www.historia.uff.br/impressoesrebeldes/#website"},"primaryImageOfPage":{"@id":"https://www.historia.uff.br/impressoesrebeldes/plano_de_aula/projetos-politicos-em-conflito-no-brasil-pos-independencia/#primaryimage"},"datePublished":"2024-08-15T17:43:42+00:00","dateModified":"2024-08-15T17:43:42+00:00","breadcrumb":{"@id":"https://www.historia.uff.br/impressoesrebeldes/plano_de_aula/projetos-politicos-em-conflito-no-brasil-pos-independencia/#breadcrumb"},"inLanguage":"pt-BR","potentialAction":[{"@type":"ReadAction","target":["https://www.historia.uff.br/impressoesrebeldes/plano_de_aula/projetos-politicos-em-conflito-no-brasil-pos-independencia/"]}]},{"@type":"BreadcrumbList","@id":"https://www.historia.uff.br/impressoesrebeldes/plano_de_aula/projetos-politicos-em-conflito-no-brasil-pos-independencia/#breadcrumb","itemListElement":[{"@type":"ListItem","position":1,"name":"Home","item":"https://www.historia.uff.br/impressoesrebeldes/"},{"@type":"ListItem","position":2,"name":"Projetos políticos em conflito no Brasil pós-Independência"}]}]}</script>
<!-- / Yoast SEO plugin. -->

Projetos políticos em conflito no Brasil pós-Independência - Impressões Rebeldes

Impressões Rebeldes

Bandeira da Confederação do Equador, autoria desconhecida - Acervo IHGB
