{"id":3572,"date":"2022-05-28T11:33:27","date_gmt":"2022-05-28T14:33:27","guid":{"rendered":"https:\/\/leandrohindu.com.br\/revoltas\/?page_id=3572"},"modified":"2022-06-07T00:32:01","modified_gmt":"2022-06-07T03:32:01","slug":"normas-para-publicacao","status":"publish","type":"page","link":"https:\/\/www.historia.uff.br\/impressoesrebeldes\/revista-impressoes-rebeldes\/normas-para-publicacao\/","title":{"rendered":"Normas para publica\u00e7\u00e3o"},"content":{"rendered":"<h2>Normas para publica\u00e7\u00e3o<\/h2>\n<p>Buscamos autores e autoras interessado(a)s em divulgar trabalhos que abordem o tema das revoltas e dos protestos, em qualquer \u00e9poca ou lugar.<\/p>\n<p>Pedimos que o(a)s colaboradore(a)s observem algumas das recomenda\u00e7\u00f5es ao apresentar seu texto. Elas ajudam a acelerar a prepara\u00e7\u00e3o editorial.<\/p>\n<ul>\n<li aria-level=\"1\">Ele deve ter entre 8.400 e 11.500 caracteres (com espa\u00e7o)<\/li>\n<li aria-level=\"1\">Todas as cita\u00e7\u00f5es de fontes, obras e trechos de documentos devem ser referenciadas. N\u00e3o utilize notas de rodap\u00e9.<\/li>\n<li aria-level=\"1\">As refer\u00eancias, ao final do artigo, s\u00e3o formadas por Bibliografia, Fontes Impressas e Fontes Originais. Citar o m\u00e1ximo de 5 t\u00edtulos.<\/li>\n<li aria-level=\"1\">Use no t\u00edtulo o m\u00e1ximo de 5 palavras e no subt\u00edtulo construa uma frase com 30 palavras em m\u00e9dia.<\/li>\n<li aria-level=\"1\">Para os cr\u00e9ditos, fa\u00e7a uma breve descri\u00e7\u00e3o com titula\u00e7\u00e3o, filia\u00e7\u00e3o institucional e algum trabalho de sua autoria, desde que relacionado ao artigo publicado.<\/li>\n<li aria-level=\"1\">Informe seu nome completo e email, al\u00e9m do link para seu Lattes.<\/li>\n<li aria-level=\"1\">Vai ser \u00f3timo se puder enviar uma foto de rosto [isabel, ver qual a defini\u00e7\u00e3o m\u00ednima)<\/li>\n<li aria-level=\"1\">Solicitamos que voc\u00ea envie pelo menos 1 sugest\u00e3o de imagem\u00a0 em arquivos PEG, PNG ou GIF com resolu\u00e7\u00e3o m\u00ednima de 600 dpi<\/li>\n<\/ul>\n","protected":false},"excerpt":{"rendered":"<p>Normas para publica\u00e7\u00e3o Buscamos autores e autoras interessado(a)s em divulgar trabalhos que abordem o tema das revoltas e dos protestos, em qualquer \u00e9poca ou lugar. Pedimos que o(a)s colaboradore(a)s observem algumas das recomenda\u00e7\u00f5es ao apresentar seu texto. Elas ajudam a acelerar a prepara\u00e7\u00e3o editorial. Ele deve ter entre 8.400 e 11.500 caracteres (com espa\u00e7o) Todas [&hellip;]<\/p>\n","protected":false},"author":1,"featured_media":0,"parent":3564,"menu_order":0,"comment_status":"closed","ping_status":"closed","template":"page-revista-apresentacao.php","meta":[],"acf":[],"yoast_head":"<!-- This site is optimized with the Yoast SEO plugin v19.0 - https:\/\/yoast.com\/wordpress\/plugins\/seo\/ -->\n<title>Normas para publica\u00e7\u00e3o - Impress\u00f5es Rebeldes<\/title>\n<meta name=\"robots\" content=\"index, follow, max-snippet:-1, max-image-preview:large, max-video-preview:-1\" \/>\n<link rel=\"canonical\" href=\"https:\/\/www.historia.uff.br\/impressoesrebeldes\/revista-impressoes-rebeldes\/normas-para-publicacao\/\" \/>\n<meta property=\"og:locale\" content=\"pt_BR\" \/>\n<meta property=\"og:type\" content=\"article\" \/>\n<meta property=\"og:title\" content=\"Normas para publica\u00e7\u00e3o - Impress\u00f5es Rebeldes\" \/>\n<meta property=\"og:description\" content=\"Normas para publica\u00e7\u00e3o Buscamos autores e autoras interessado(a)s em divulgar trabalhos que abordem o tema das revoltas e dos protestos, em qualquer \u00e9poca ou lugar. Pedimos que o(a)s colaboradore(a)s observem algumas das recomenda\u00e7\u00f5es ao apresentar seu texto. Elas ajudam a acelerar a prepara\u00e7\u00e3o editorial. Ele deve ter entre 8.400 e 11.500 caracteres (com espa\u00e7o) Todas [&hellip;]\" \/>\n<meta property=\"og:url\" content=\"https:\/\/www.historia.uff.br\/impressoesrebeldes\/revista-impressoes-rebeldes\/normas-para-publicacao\/\" \/>\n<meta property=\"og:site_name\" content=\"Impress\u00f5es Rebeldes\" \/>\n<meta property=\"article:publisher\" content=\"https:\/\/www.facebook.com\/impressoesrebeldes\/\" \/>\n<meta property=\"article:modified_time\" content=\"2022-06-07T03:32:01+00:00\" \/>\n<meta name=\"twitter:card\" content=\"summary_large_image\" \/>\n<meta name=\"twitter:site\" content=\"@ImpressoesRbds\" \/>\n<meta name=\"twitter:label1\" content=\"Est. reading time\" \/>\n\t<meta name=\"twitter:data1\" content=\"1 minuto\" \/>\n<script type=\"application\/ld+json\" class=\"yoast-schema-graph\">{\"@context\":\"https:\/\/schema.org\",\"@graph\":[{\"@type\":\"WebSite\",\"@id\":\"https:\/\/www.historia.uff.br\/impressoesrebeldes\/#website\",\"url\":\"https:\/\/www.historia.uff.br\/impressoesrebeldes\/\",\"name\":\"Impress\u00f5es Rebeldes\",\"description\":\"Para quem tem o que dizer sobre revoltas\",\"potentialAction\":[{\"@type\":\"SearchAction\",\"target\":{\"@type\":\"EntryPoint\",\"urlTemplate\":\"https:\/\/www.historia.uff.br\/impressoesrebeldes\/?s={search_term_string}\"},\"query-input\":\"required name=search_term_string\"}],\"inLanguage\":\"pt-BR\"},{\"@type\":\"WebPage\",\"@id\":\"https:\/\/www.historia.uff.br\/impressoesrebeldes\/revista-impressoes-rebeldes\/normas-para-publicacao\/#webpage\",\"url\":\"https:\/\/www.historia.uff.br\/impressoesrebeldes\/revista-impressoes-rebeldes\/normas-para-publicacao\/\",\"name\":\"Normas para publica\u00e7\u00e3o - Impress\u00f5es Rebeldes\",\"isPartOf\":{\"@id\":\"https:\/\/www.historia.uff.br\/impressoesrebeldes\/#website\"},\"datePublished\":\"2022-05-28T14:33:27+00:00\",\"dateModified\":\"2022-06-07T03:32:01+00:00\",\"breadcrumb\":{\"@id\":\"https:\/\/www.historia.uff.br\/impressoesrebeldes\/revista-impressoes-rebeldes\/normas-para-publicacao\/#breadcrumb\"},\"inLanguage\":\"pt-BR\",\"potentialAction\":[{\"@type\":\"ReadAction\",\"target\":[\"https:\/\/www.historia.uff.br\/impressoesrebeldes\/revista-impressoes-rebeldes\/normas-para-publicacao\/\"]}]},{\"@type\":\"BreadcrumbList\",\"@id\":\"https:\/\/www.historia.uff.br\/impressoesrebeldes\/revista-impressoes-rebeldes\/normas-para-publicacao\/#breadcrumb\",\"itemListElement\":[{\"@type\":\"ListItem\",\"position\":1,\"name\":\"Home\",\"item\":\"https:\/\/www.historia.uff.br\/impressoesrebeldes\/\"},{\"@type\":\"ListItem\",\"position\":2,\"name\":\"Revista Impress\u00f5es Rebeldes\",\"item\":\"https:\/\/www.historia.uff.br\/impressoesrebeldes\/revista-impressoes-rebeldes\/\"},{\"@type\":\"ListItem\",\"position\":3,\"name\":\"Normas para publica\u00e7\u00e3o\"}]}]}<\/script>\n<!-- \/ Yoast SEO plugin. -->","yoast_head_json":{"title":"Normas para publica\u00e7\u00e3o - Impress\u00f5es Rebeldes","robots":{"index":"index","follow":"follow","max-snippet":"max-snippet:-1","max-image-preview":"max-image-preview:large","max-video-preview":"max-video-preview:-1"},"canonical":"https:\/\/www.historia.uff.br\/impressoesrebeldes\/revista-impressoes-rebeldes\/normas-para-publicacao\/","og_locale":"pt_BR","og_type":"article","og_title":"Normas para publica\u00e7\u00e3o - Impress\u00f5es Rebeldes","og_description":"Normas para publica\u00e7\u00e3o Buscamos autores e autoras interessado(a)s em divulgar trabalhos que abordem o tema das revoltas e dos protestos, em qualquer \u00e9poca ou lugar. Pedimos que o(a)s colaboradore(a)s observem algumas das recomenda\u00e7\u00f5es ao apresentar seu texto. Elas ajudam a acelerar a prepara\u00e7\u00e3o editorial. Ele deve ter entre 8.400 e 11.500 caracteres (com espa\u00e7o) Todas [&hellip;]","og_url":"https:\/\/www.historia.uff.br\/impressoesrebeldes\/revista-impressoes-rebeldes\/normas-para-publicacao\/","og_site_name":"Impress\u00f5es Rebeldes","article_publisher":"https:\/\/www.facebook.com\/impressoesrebeldes\/","article_modified_time":"2022-06-07T03:32:01+00:00","twitter_card":"summary_large_image","twitter_site":"@ImpressoesRbds","twitter_misc":{"Est. reading time":"1 minuto"},"schema":{"@context":"https:\/\/schema.org","@graph":[{"@type":"WebSite","@id":"https:\/\/www.historia.uff.br\/impressoesrebeldes\/#website","url":"https:\/\/www.historia.uff.br\/impressoesrebeldes\/","name":"Impress\u00f5es Rebeldes","description":"Para quem tem o que dizer sobre revoltas","potentialAction":[{"@type":"SearchAction","target":{"@type":"EntryPoint","urlTemplate":"https:\/\/www.historia.uff.br\/impressoesrebeldes\/?s={search_term_string}"},"query-input":"required name=search_term_string"}],"inLanguage":"pt-BR"},{"@type":"WebPage","@id":"https:\/\/www.historia.uff.br\/impressoesrebeldes\/revista-impressoes-rebeldes\/normas-para-publicacao\/#webpage","url":"https:\/\/www.historia.uff.br\/impressoesrebeldes\/revista-impressoes-rebeldes\/normas-para-publicacao\/","name":"Normas para publica\u00e7\u00e3o - Impress\u00f5es Rebeldes","isPartOf":{"@id":"https:\/\/www.historia.uff.br\/impressoesrebeldes\/#website"},"datePublished":"2022-05-28T14:33:27+00:00","dateModified":"2022-06-07T03:32:01+00:00","breadcrumb":{"@id":"https:\/\/www.historia.uff.br\/impressoesrebeldes\/revista-impressoes-rebeldes\/normas-para-publicacao\/#breadcrumb"},"inLanguage":"pt-BR","potentialAction":[{"@type":"ReadAction","target":["https:\/\/www.historia.uff.br\/impressoesrebeldes\/revista-impressoes-rebeldes\/normas-para-publicacao\/"]}]},{"@type":"BreadcrumbList","@id":"https:\/\/www.historia.uff.br\/impressoesrebeldes\/revista-impressoes-rebeldes\/normas-para-publicacao\/#breadcrumb","itemListElement":[{"@type":"ListItem","position":1,"name":"Home","item":"https:\/\/www.historia.uff.br\/impressoesrebeldes\/"},{"@type":"ListItem","position":2,"name":"Revista Impress\u00f5es Rebeldes","item":"https:\/\/www.historia.uff.br\/impressoesrebeldes\/revista-impressoes-rebeldes\/"},{"@type":"ListItem","position":3,"name":"Normas para publica\u00e7\u00e3o"}]}]}},"_links":{"self":[{"href":"https:\/\/www.historia.uff.br\/impressoesrebeldes\/wp-json\/wp\/v2\/pages\/3572"}],"collection":[{"href":"https:\/\/www.historia.uff.br\/impressoesrebeldes\/wp-json\/wp\/v2\/pages"}],"about":[{"href":"https:\/\/www.historia.uff.br\/impressoesrebeldes\/wp-json\/wp\/v2\/types\/page"}],"author":[{"embeddable":true,"href":"https:\/\/www.historia.uff.br\/impressoesrebeldes\/wp-json\/wp\/v2\/users\/1"}],"replies":[{"embeddable":true,"href":"https:\/\/www.historia.uff.br\/impressoesrebeldes\/wp-json\/wp\/v2\/comments?post=3572"}],"version-history":[{"count":3,"href":"https:\/\/www.historia.uff.br\/impressoesrebeldes\/wp-json\/wp\/v2\/pages\/3572\/revisions"}],"predecessor-version":[{"id":3698,"href":"https:\/\/www.historia.uff.br\/impressoesrebeldes\/wp-json\/wp\/v2\/pages\/3572\/revisions\/3698"}],"up":[{"embeddable":true,"href":"https:\/\/www.historia.uff.br\/impressoesrebeldes\/wp-json\/wp\/v2\/pages\/3564"}],"wp:attachment":[{"href":"https:\/\/www.historia.uff.br\/impressoesrebeldes\/wp-json\/wp\/v2\/media?parent=3572"}],"curies":[{"name":"wp","href":"https:\/\/api.w.org\/{rel}","templated":true}]}}